e remainder when 26 is divided by 5.
1
Calculate the remainder when 84 is divided by 22.
18
What is the remainder when 101 is divided by 94?
7
Calculate the remainder when 79 is divided by 29.
21
What is the remainder when 383 is divided by 55?
53
What is the remainder when 543 is divided by 107?
8
What is the remainder when 2317 is divided by 211?
207
Calculate the remainder when 2707 is divided by 270.
7
What is the remainder when 84 is divided by 20?
4
What is the remainder when 16 is divided by 4?
0
What is the remainder when 845 is divided by 234?
143
Calculate the remainder when 218 is divided by 45.
38
Calculate the remainder when 133 is divided by 34.
31
What is the remainder when 433 is divided by 263?
170
Calculate the remainder when 487 is divided by 82.
77
Calculate the remainder when 1563 is divided by 29.
26
Calculate the remainder when 97 is divided by 5.
2
Calculate the remainder when 712 is divided by 179.
175
Calculate the remainder when 249 is divided by 15.
9
What is the remainder when 2771 is divided by 66?
65
What is the remainder when 342 is divided by 115?
112
Calculate the remainder when 55 is divided by 40.
15
What is the remainder when 1078 is divided by 24?
22
What is the remainder when 158 is divided by 53?
52
What is the remainder when 389 is divided by 195?
194
Calculate the remainder when 7197 is divided by 24.
21
Calculate the remainder when 1039 is divided by 65.
64
What is the remainder when 377 is divided by 108?
53
What is the remainder when 184 is divided by 162?
22
What is the remainder when 165 is divided by 17?
12
What is the remainder when 142 is divided by 25?
17
What is the remainder when 581 is divided by 66?
53
What is the remainder when 162 is divided by 14?
8
Calculate the remainder when 350 is divided by 349.
1
Calculate the remainder when 84 is divided by 11.
7
What is the remainder when 430 is divided by 85?
5
What is the remainder when 3918 is divided by 4?
2
Calculate the remainder when 249 is divided by 21.
18
Calculate the remainder when 7659 is divided by 2549.
12
Calculate the remainder when 185 is divided by 37.
0
What is the remainder when 1205 is divided by 598?
9
Calculate the remainder when 964 is divided by 163.
149
Calculate the remainder when 21 is divided by 19.
2
Calculate the remainder when 263 is divided by 88.
87
What is the remainder when 269 is divided by 45?
44
Calculate the remainder when 195 is divided by 28.
27
What is the remainder when 383 is divided by 108?
59
Calculate the remainder when 47 is divided by 1.
0
Calculate the remainder when 33 is divided by 15.
3
What is the remainder when 545 is divided by 168?
41
What is the remainder when 213 is divided by 72?
69
Calculate the remainder when 985 is divided by 317.
34
What is the remainder when 13486 is divided by 38?
34
What is the remainder when 968 is divided by 196?
184
What is the remainder when 2924 is divided by 154?
152
What is the remainder when 151 is divided by 49?
4
Calculate the remainder when 621 is divided by 31.
1
What is the remainder when 671 is divided by 48?
47
What is the remainder when 839 is divided by 830?
9
What is the remainder when 1748 is divided by 250?
248
What is the remainder when 1383 is divided by 16?
7
Calculate the remainder when 1575 is divided by 8.
7
Calculate the remainder when 1215 is divided by 590.
35
What is the remainder when 1558 is divided by 20?
18
What is the remainder when 316 is divided by 53?
51
Calculate the remainder when 1183 is divided by 37.
36
Calculate the remainder when 973 is divided by 13.
11
What is the remainder when 347 is divided by 58?
57
What is the remainder when 182 is divided by 32?
22
What is the remainder when 21083 is divided by 42?
41
What is the remainder when 300 is divided by 16?
12
What is the remainder when 105 is divided by 29?
18
What is the remainder when 97 is divided by 28?
13
What is the remainder when 2142 is divided by 195?
192
Calculate the remainder when 343 is divided by 59.
48
Calculate the remainder when 609 is divided by 98.
21
What is the remainder when 336 is divided by 59?
41
Calculate the remainder when 325 is divided by 6.
1
What is the remainder when 399 is divided by 30?
9
Calculate the remainder when 68 is divided by 28.
12
Calculate the remainder when 3655 is divided by 59.
56
Calculate the remainder when 421 is divided by 164.
93
What is the remainder when 791 is divided by 88?
87
What is the remainder when 433 is divided by 87?
85
Calculate the remainder when 2657 is divided by 190.
187
Calculate the remainder when 303 is divided by 11.
6
Calculate the remainder when 208 is divided by 14.
12
Calculate the remainder when 290 is divided by 26.
4
What is the remainder when 146 is divided by 25?
21
Calculate the remainder when 62 is divided by 21.
20
What is the remainder when 2165 is divided by 4?
1
Calculate the remainder when 5252 is divided by 249.
23
Calculate the remainder when 359 is divided by 45.
44
What is the remainder when 67 is divided by 33?
1
What is the remainder when 7200 is divided by 29?
8
What is the remainder when 195 is divided by 73?
49
What is the remainder when 1734 is divided by 14?
12
Calculate the remainder when 23779 is divided by 67.
61
Calculate the remainder when 2062 is divided by 2034.
28
What is the remainder when 1247 is divided by 12?
11
Calculate the remainder when 10394 is divided by 226.
224
What is the remainder when 4023 is divided by 35?
33
What is the remainder when 4994 is divided by 19?
16
Calculate the remainder when 4550 is divided by 29.
26
What is the remainder when 149 is divided by 75?
74
What is the remainder when 364 is divided by 87?
16
Calculate the remainder when 80 is divided by 44.
36
Calculate the remainder when 187 is divided by 21.
19
Calculate the remainder when 80 is divided by 25.
5
Calculate the remainder when 351 is divided by 22.
21
Calculate the remainder when 693 is divided by 15.
3
What is the remainder when 970 is divided by 57?
1
What is the remainder when 238 is divided by 71?
25
Calculate the remainder when 113 is divided by 21.
8
What is the remainder when 559 is divided by 133?
27
Calculate the remainder when 128 is divided by 10.
8
Calculate the remainder when 1517 is divided by 49.
47
What is the remainder when 349 is divided by 70?
69
What is the remainder when 256 is divided by 13?
9
What is the remainder when 118 is divided by 82?
36
Calculate the remainder when 383 is divided by 154.
75
What is the remainder when 602 is divided by 162?
116
Calculate the remainder when 347 is divided by 102.
41
Calculate the remainder when 6477 is divided by 45.
42
What is the remainder when 419 is divided by 35?
34
Calculate the remainder when 9102 is divided by 16.
14
Calculate the remainder when 63 is divided by 6.
3
Calculate the remainder when 470 is divided by 2.
0
What is the remainder when 72 is divided by 20?
12
What is the remainder when 99 is divided by 51?
48
Calculate the remainder when 332 is divided by 18.
8
What is the remainder when 2249 is divided by 320?
9
Calculate the remainder when 54 is divided by 52.
2
What is the remainder when 363 is divided by 111?
30
What is the remainder when 1147 is divided by 34?
25
Calculate the remainder when 636 is divided by 11.
9
What is the remainder when 2665 is divided by 46?
43
Calculate the remainder when 101 is divided by 70.
31
What is the remainder when 354 is divided by 87?
6
What is the remainder when 1131 is divided by 367?
30
Calculate the remainder when 252 is divided by 23.
22
What is the remainder when 447 is divided by 56?
55
What is the remainder when 82 is divided by 44?
38
Calculate the remainder when 278 is divided by 138.
2
What is the remainder when 4031 is divided by 18?
17
What is the remainder when 1556 is divided by 9?
8
Calculate the remainder when 562 is divided by 44.
34
Calculate the remainder when 455 is divided by 90.
5
Calculate the remainder when 4750 is divided by 18.
16
What is the remainder when 5571 is divided by 136?
131
What is the remainder when 573 is divided by 522?
51
What is the remainder when 134 is divided by 46?
42
What is the remainder when 140 is divided by 67?
6
What is the remainder when 50 is divided by 14?
8
Calculate the remainder when 1619 i